 3, what is 101012220 - -1210001?
102222221
In base 8, what is 1761 + 477745?
501726
In base 15, what is -18477c + 2?
-18477a
In base 8, what is 63070 - -65?
63155
In base 7, what is -4436506 + -5?
-4436514
In base 2, what is -1000000101010001100101011 - -10?
-1000000101010001100101001
In base 13, what is 2 + -177563a6?
-177563a4
In base 9, what is 72184363 - 3?
72184360
In base 8, what is 565066746 + 7?
565066755
In base 13, what is 1112 - 351?
a91
In base 13, what is -16888cbb + 5?
-16888cb6
In base 8, what is 1267 + -1051?
216
In base 15, what is -851 + 313e5?
30a94
In base 7, what is 1362 + 214503?
216165
In base 4, what is -103231 - -1101200?
331303
In base 12, what is -86 - -531821?
531757
In base 15, what is 228c1 + -9ba?
21e06
In base 2, what is 1000010111010 - -10011101?
1000101010111
In base 3, what is 201 + 122120020000?
122120020201
In base 2, what is 100 + -1010100100100001000?
-1010100100100000100
In base 13, what is 1a6a - aa92?
-9025
In base 11, what is 3088a1433 + 2?
3088a1435
In base 13, what is -1bb1c9 - 2?
-1bb1cb
In base 7, what is 16 + -404211262?
-404211243
In base 9, what is 111 + -307731?
-307620
In base 6, what is -32552004 + 50?
-32551514
In base 16, what is 72 - -276c8?
2773a
In base 12, what is 1aa7b + 228?
1b0a7
In base 16, what is -33fce9 + 117?
-33fbd2
In base 14, what is -c756d6 - -20?
-c756b6
In base 12, what is 4a1a5 - -8599?
56782
In base 7, what is -226133 + 2066?
-224034
In base 4, what is -201120221 - -11233?
-201102322
In base 11, what is -6756 + 62032?
56387
In base 4, what is -23220 - -3211200?
3121320
In base 8, what is -16004631 - 0?
-16004631
In base 6, what is 1213411025 + -1?
1213411024
In base 14, what is -3 + -1291d1?
-1291d4
In base 5, what is -10403 + -33?
-10441
In base 8, what is -710 - -467751?
467041
In base 10, what is -2 - -98888?
98886
In base 9, what is 14510111 - -6?
14510117
In base 12, what is -15b + 919b19?
91997a
In base 15, what is 426e + 233c?
65ab
In base 12, what is 4606 - b31?
3695
In base 11, what is 4 - -4012230?
4012234
In base 12, what is -216bba1 - 28?
-2170009
In base 3, what is 22120101112 - -112?
22120102001
In base 2, what is -1111100110000011100 + 1001?
-1111100110000010011
In base 12, what is 922719 + -3?
922716
In base 5, what is 11111 - -22334030?
22400141
In base 3, what is -21121220022 + 12022?
-21121201000
In base 11, what is 22406181 + -5?
22406177
In base 3, what is -220202 + 212222112210?
212221122001
In base 3, what is -11202101220 - -1210?
-11202100010
In base 14, what is 3 - -44bcd2?
44bcd5
In base 4, what is 3201 - 2012003011?
-2011333210
In base 12, what is -34164 - -297?
-33a89
In base 7, what is -311435144 + -3?
-311435150
In base 7, what is -154 + -336626?
-340113
In base 12, what is -1 - 8818a1?
-8818a2
In base 6, what is 215 + -3212100?
-3211441
In base 3, what is 21121202010 - 2001212?
21112200021
In base 11, what is -a0a7 - -810?
-9397
In base 12, what is 1aa + 4709?
48b7
In base 6, what is -23430031013 + 5?
-23430031004
In base 4, what is -130213 - 2313103?
-3103322
In base 9, what is 2 - -1241551?
1241553
In base 10, what is 67436327 - -5?
67436332
In base 13, what is -a - -1325826?
1325819
In base 11, what is 40 + -42364?
-42324
In base 16, what is -45 + 8ef92?
8ef4d
In base 13, what is 978c9 + -3?
978c6
In base 2, what is -1100111111000110 - 1100010001?
-1101001011010111
In base 7, what is -414132644 + 22?
-414132622
In base 15, what is 9 - 146c1e1?
-146c1d7
In base 12, what is -133 + 10b3600?
10b3489
In base 13, what is -12 + -8b5b2?
-8b5c4
In base 2, what is -1000010010111110001001 - 1101100?
-1000010010111111110101
In base 5, what is 1130232110 - 31?
1130232024
In base 10, what is 6 - 8407284?
-8407278
In base 5, what is -2021 - -1044330?
1042304
In base 6, what is -3103 + -2441055?
-2444202
In base 14, what is -1 - -1b1392a1?
1b1392a0
In base 10, what is 37355214 - -4?
37355218
In base 9, what is 1623843 + -23?
1623820
In base 14, what is 45a75b18 - 0?
45a75b18
In base 5, what is 234223031122 - 3?
234223031114
In base 7, what is -34 + 113004114?
113004050
In base 7, what is -1323 - -530251?
525625
In base 8, what is 53 + 1000100?
1000153
In base 2, what is 11 + -101100100101101000?
-101100100101100101
In base 14, what is -10b075 - 7?
-10b07c
In base 5, what is 114432 - 123243?
-3311
In base 6, what is 1152 + -5201423?
-5200231
In base 13, what is -65bac + 5b?
-65b51
In base 13, what is 11aa9 + cc?
11ba8
In base 11, what is -9457 - -2a7?
-9160
In base 13, what is -2410b - 54cc?
-2960a
In base 8, what is -4523541 + -137?
-4523700
In base 14, what is 0 - -2ca253?
2ca253
In base 4, what is -131 + 122000303?
122000112
In base 5, what is -102021421 - -11?
-102021410
In base 4, what is 2032301302 + 110?
2032302012
In base 9, what is 53084 + 1257?
54352
In base 7, what is -55210011 + 1?
-55210010
In base 8, what is -57755777 + 1?
-57755776
In base 13, what is 1549 - c23?
626
In base 5, what is 4 - 24331242003?
-24331241444
In base 10, what is 321067182 - 0?
321067182
In base 11, what is -16 - 272453?
-272469
In base 15, what is b73 - -d8e?
1a12
In base 16, what is -73b2d0 + 2?
-73b2ce
In base 15, what is -189 - 10bc08?
-10bd92
In base 9, what is 10466388 - -81?
10466480
In base 9, what is -455 - -42356?
41801
In base 15, what is 1 + 2b28603?
2b28604
In base 8, what is 3335710 + 10?
3335720
In base 9, what is 535 + -84323?
-83677
In base 15, what is 12 + bd10aa?
bd10bc
In base 2, what is 1 + 1110111111110011011010000?
1110111111110011011010001
In base 7, what is 3 + 262531615?
262531621
In base 10, what is 0 + 5913534?
5913534
In base 7, what is -11206 + 4216?
-3660
In base 4, what is 222 - 10030133022?
-10030132200
In base 12, what is -10a4a6 - 211?
-10a6b7
In base 6, what is -144245 - -1304?
-142541
In base 5, what is -10033 + 42200213?
42140130
In base 10, what is -960 + -32702?
-33662
In base 14, what is 6 + 31d0147?
31d014d
In base 8, what is -401 - 45470?
-46071
In base 15, what is 926ee3 - -1c?
927010
In base 5, what is -4 - 1340302234003?
-1340302234012
In base 3, what is -112201222010010 - -101?
-112201222002202
In base 11, what is 4a30 - -14132?
19062
In base 9, what is -2 - -10076218?
10076216
In base 3, what is 2 - 102021221111220?
-102021221111211
In base 13, what is 77635b7 + 5?
77635bc
In base 5, what is 31130212111 + -1?
31130212110
In base 13, what is 2358 + 3c57?
62b2
In base 9, what is 2 - -102817150?
102817152
In base 15, what is -2c + 236dd?
236b1
In base 6, what is -1100 + 1104005?
1102505
In base 10, what is -1045 - 3811?
-4856
In base 3, what is -10220211021020 + 102?
-10220211020211
In base 4, what is 1232221 + 13110?
1311331
In base 11, what is -3176 - 3?
-3179
In base 9, what is -7 - -644400?
644382
In base 16, what is -24485 + -74a?
-24bcf
In base 11, what is -1 + -6164727?
-6164728
In base 15, what is a64d93 - -28?
a64dbb
In base 2, what is 11101001011111 + -11001001010?
11010000010101
In base 14, what is -10b730 - -1?
-10b72d
In base 14, what is 5 - 1a1d22?
-1a1d1b
In base 16, what is 31869d - -1?
31869e
In base 12, what is 12 + -1363b?
-13629
In base 14, what is 9 + -3dbd8?
-3dbcd
In base 8, what is 565 - -2116075?
2116662
In base 16, what is -233 + 910?
6dd
In base 15, what is -bd - -5815?
5747
In base 13, what is 7a1732 - -4?
7a1736
In base 8, what is -342707401 - 3?
-342707404
In base 7, what is 423601 + -110?
423461
In base 7, what is 13244664 + -13?
13244651
In base 7, what is 0 + -331344053?
-331344053
In base 2, what is 10000000001111110 + -101011?
10000000001010011
In base 6, what is 13510 + 12300311?
12314221
In base 14, what is 317bb5 + -1?
317bb4
In base 11, what is 61 + 109417?
109478
In base 6, what is -2441 + -1040050?
-1042531
In base 15, what is 0 - -2d4c780?
2d4c780
In base 13, what is -30b33a + -b?
-30b348
In base 14, what is a07 + -18147?
-17540
In base 14, what is 3b + 28521?
2855c
In base 5, what is 123042441321 + 2?
123042441323
In base 2, what is 1100001 - 111010000100111000001?
-111010000100101100000
In base 8, what is 2 - 17247663?
-17247661
In base 15, what is -2bad5 - -8?
-2bacc
In base 13, what is -3 - -12192c94?
12192c91
In base 2, what is -10011011110000110000 - -1100000?
-10011011101111010000
In base 10, what is 4309 + 113319?
117628
In base 8, what is 6236 + -44607?
-36351
In bas